/35?
3
Let n be 9/(9/(-2)*(-1)/3). Suppose 0 = -n*f + 750 + 666. What is the tens digit of f?
3
What is the hundreds digit of 8922 - ((-168)/308 + 183/33)?
9
Suppose 793*r + 2877 = 930*r. What is the units digit of r?
1
Suppose 5*k + 150 = 5*c, 0*k + 4*k = 5*c - 149. Suppose -9*r + 7 = -c. What is the units digit of 8/10*120/r?
4
Let u(n) = 2*n**2 - 68*n + 282. What is the units digit of u(96)?
6
Suppose 3*g = -3*n + 2295, 9*n - 3*g - 3849 = 4*n. What is the units digit of n?
8
Suppose -881279 = -93*t - 175688. What is the thousands digit of t?
7
Let w = 13960 - 10052. What is the hundreds digit of w?
9
Let c be ((-462)/(-18))/(3/9). What is the tens digit of -4 + 4118/7 + (-22)/c?
8
Suppose -2*n = -f + 22690 + 13039, 3*f + 3*n = 107142. What is the ten thousands digit of f?
3
Let j(v) be the first derivative of v**3/6 + 37*v**2/2 + 17*v - 23. Let r(w) be the first derivative of j(w). What is the tens digit of r(8)?
4
Let n be 1296/(-21) + (-2)/7. Let b be 27/(-72)*(-415 + 7). Let v = n + b. What is the units digit of v?
1
Suppose 3802*k = 3794*k + 58856. What is the thousands digit of k?
7
Suppose -86*s + 1051546 = -62154. What is the tens digit of s?
5
Let b = 184 + -140. Let a be (2/4)/(1/144). Let s = a - b. What is the units digit of s?
8
Suppose 4*p - 41542 = 3*w, -4*p = 5*w + 14725 - 56283. What is the hundreds digit of p?
3
Let b(o) = -o**3 + 11*o**2 + 8*o - 3. Suppose 4*p = -z, 2*p + z = -0*p - 2. Let x be 9/(-3) - (-14)/p. What is the units digit of b(x)?
5
Let s(w) = 2*w - 37. Let t be s(-26). What is the units digit of ((-10)/(-2) + -7)*t?
8
Let m(l) = 4*l**2 - 19*l + 28. Let x be m(2). Let c(d) = -2*d**2 + 12*d + 45. What is the units digit of c(x)?
5
Let s(i) = 14*i**2 + 498*i + 324. What is the hundreds digit of s(32)?
5
Let a be (165/15 + -8)/((-3)/(-4)). What is the units digit of -5*-10*(a + 14)?
0
Let n = 9219 + -2769. What is the tens digit of n?
5
Let b be (14/(-12) - (-1)/(-2))*-12. Let t(n) = -21*n - b*n + 15*n. What is the tens digit of t(-1)?
2
Let j be (-6)/1 - (-6)/((-24)/(-76)). Suppose j*z - 8*z = 5255. What is the units digit of z?
1
Let h = 56596 - 14470. What is the hundreds digit of h?
1
Suppose 0 = -12*m + 77256 + 77196. What is the hundreds digit of m?
8
Let l(a) be the third derivative of a**6/120 + a**5/4 + 5*a**4/12 - 5*a**3/6 + 6*a**2. Let z be l(-14). Suppose -3*r + z = -45. What is the units digit of r?
2
Suppose 171*x - 212*x + 318775 = 0. What is the units digit of x?
5
Let r be (16/(-14))/((-26)/91). Suppose 3*u + 0*p = -r*p + 296, p = 5*u - 455. Suppose 50 = 2*f - u. What is the tens digit of f?
7
Let r be 6/(-4)*(-8)/(-3). Let d = -5131 + 5130. What is the hundreds digit of 3/d + (-399)/(1 + r)?
1
Suppose 28*o - 26*o - 2980 = 0. Suppose 5*t = 730 + o. What is the hundreds digit of t?
4
Suppose 159623 = -193*b + 1988946 + 1119524. What is the thousands digit of b?
5
Suppose 5*k - 161 = -4*r - 1234, 3*k + 1351 = -5*r. Let q = 100 - r. What is the hundreds digit of q?
3
Suppose 186*h + 12 = 183*h, -k - 2*h + 33601 = 0. What is the hundreds digit of k?
6
Suppose x - 30 = 3*x - o, 0 = -5*x + 2*o - 76. Let w be ((-4)/x)/(-1) + (-538)/(-8). Let i = -19 + w. What is the units digit of i?
8
Suppose -10*c + 58*c - 709585 = 1142351. What is the hundreds digit of c?
5
Suppose 6801*g + 139149 = 6810*g. What is the ten thousands digit of g?
1
Let j be (((-494)/8)/(-1))/(16/64). Let a = j - 49. What is the hundreds digit of a?
1
Let b = -196 + -206. What is the hundreds digit of ((-3)/(-3))/((-2)/b)?
2
Let m(a) = -5*a**3 - 11*a**2 - 14*a + 3. What is the tens digit of m(-3)?
8
Suppose 0 = -81*t + 65*t. Suppose 0 = -2*z - i + 207, t = -4*i + 3*i - 5. What is the hundreds digit of z?
1
What is the units digit of 6*119/51 - -15200?
4
Let b be (-5 - -2)*-1 + 6. Suppose 4*n - 15 - b = 0. Suppose u - 3*d = n*u - 665, 3*d - 133 = -u. What is the tens digit of u?
3
Let d(b) = -14*b**3 + 5*b + 92 + 15*b**3 - 2*b - 4*b. Let t be d(0). Suppose -2*p = n - 61, 4*p - n - 3*n - t = 0. What is the units digit of p?
8
Suppose -61*d - 4*r = -58*d + 675, 5*d + 1117 = -4*r. What is the tens digit of 453/((2/(-6))/(d/153))?
6
Let q be 461 + (-3 - (-1 - 2)). Suppose 0 = -11*b - 4727 + 1163. Let g = q + b. What is the tens digit of g?
3
Let u(v) = -56*v + 68. What is the hundreds digit of u(-50)?
8
Let m(c) = 297*c + 540. Let l(w) = 2*w - 2. Let v(p) = -135*l(p) + m(p). What is the units digit of v(0)?
0
Suppose 24*w = 39*w - 15180. Let h = -618 + w. What is the hundreds digit of h?
3
Let t(q) = -2*q**2 + 4*q + 2. Let n be t(6). Let u = 28 + n. Let o = 48 + u. What is the tens digit of o?
3
Let f = -53 - -55. Let o(t) = -16*t + 2. Let u be o(0). Suppose f*p - 540 = -u*d, 7*d - 2*d = -p + 1370. What is the hundreds digit of d?
2
Suppose -3*v = -0*v + 27. Let n be -3 - (1/(-3) - (-15)/v). Let k(a) = 5*a**2 + a - 1. What is the units digit of k(n)?
3
Let g(h) be the second derivative of 104*h**3/3 - 9*h**2/2 + 12*h. What is the hundreds digit of g(2)?
4
Suppose 189811 + 849654 = 33*a - 412205. What is the thousands digit of a?
3
Let n = -565 + 5689. What is the thousands digit of n?
5
Let x(d) = -d**3 - 14*d**2 + 33*d + 24. Let h be x(-16). Suppose -2*n + h = 2*n. Suppose -n*v = 5*v - 1106. What is the hundreds digit of v?
1
Let b be 5*4/6*(-30)/(-20). Let y(u) = -51*u + 61. Let g(n) = 17*n - 20. Let a(d) = 7*g(d) + 2*y(d). What is the units digit of a(b)?
7
Let x(s) = -2*s**3 + 83*s**2 + 365*s - 46. What is the thousands digit of x(26)?
0
Suppose 3*x + 228 = 3*i - 0*x, -5*i = 4*x - 380. Let f = i - 72. Suppose 0 = 3*z + 5*y - 242, 3*z = 7*z - f*y - 312. What is the tens digit of z?
7
Suppose -4*p + 1 + 23 = 0. Suppose -t + 2*a = -p, t + 17 = 3*t - 5*a. What is the tens digit of t/1 + 7 + 101?
0
Let l = -302 + 321. Suppose -l*a + 2173 + 14300 = 0. What is the tens digit of a?
6
Let m = 3164 + -3308. Let l(w) = -2*w**2 - 6*w - 6. Let j be l(5). Let z = j - m. What is the tens digit of z?
5
Let h = 44 - 44. Suppose -452 = -4*t + 4*m, h = 2*t - 5*t + 4*m + 335. Let y = 254 - t. What is the tens digit of y?
3
Suppose 3*t - 207 = 4*k - 43, -t + 23 = 5*k. Suppose 38*b = t*b - 5070. What is the hundreds digit of b?
5
What is the hundreds digit of (5822/1)/((-68)/(-119)*7/30)?
6
Let t be 3/((-6)/(-8)) + 3. Suppose -t*w - 26 = 9. What is the hundreds digit of (2 + (-775)/w)/1?
1
Let r = -739 + 1328. Let m = r - 361. Suppose -m = -5*z + 2*z. What is the tens digit of z?
7
Let p(q) = -q**2 - 3*q - 4. Let w be p(-9). Let y(b) = 4*b**3 + 4*b**2 - 8*b + 4. Let t be y(3). Let i = w + t. What is the tens digit of i?
6
Suppose -43 = 12*x - 79. Suppose -c - y + 377 = -0*c, -2*c + x*y = -749. What is the units digit of c?
6
Let f(t) = 3*t**2 - t - 58. Let w be f(-5). What is the tens digit of ((-188)/(-3))/(w/99)?
8
Let o(m) = -554*m**3 + 2*m**2 - 2. Let w be o(1). Let s be w/(-4)*(-1 + -1) - -1. Let p = 486 + s. What is the tens digit of p?
1
Suppose 4*i + 5*p - 31617 = 10*p, 3*i - 2*p = 23718. What is the tens digit of i?
0
Suppose -49*w - 11848 + 667444 = -13*w. What is the ten thousands digit of w?
1
Let b(o) = 28*o**3 - 21*o**2 + 118*o + 27. What is the units digit of b(11)?
2
Suppose -3*b + 1082 = 5*y, 0 = -b - 4*b - 4*y + 1825. Suppose -q = -4*q + b. Let i = q + -18. What is the tens digit of i?
0
Let b = 2272 - -24132. What is the units digit of b?
4
Let x(y) = 42*y + 64. Let d be x(-9). Let w = d - -466. What is the tens digit of w?
5
Let a(b) = 2*b**3 - 14 + 6*b + b + 0*b + 4*b. What is the units digit of a(5)?
1
What is the hundreds digit of 3344/(-6)*((-248)/31 - 145/4)?
6
Suppose -10 = -7*p + 2*p. Suppose p*g - 3*f - 6 = g, 0 = -g - 4*f - 1. Suppose -h + 121 = g*y, -5*y - 2*h + 52 = -151. What is the units digit of y?
9
Suppose -2*o = -3*s + 42736, s - 8*o - 14240 = -6*o. What is the hundreds digit of s?
2
Let t = 23 + 2837. What is the thousands digit of t?
2
Let v(w) = 3*w - 13. Let s be v(6). Suppose -13*b = -12*b - s. Suppose c = -2*g + 8, -c - b*g - 24 = -4*c. What is the units digit of c?
8
Let b(a) = 5*a**2 - 49*a - 395. What is the tens digit of b(-11)?
4
Suppose -n = -4*x + 34, 0 = -n - 63*x + 66*x - 34. Suppose 0 = -0*u - 2*u + 314. Let h = u + n. What is the tens digit of h?
2
Let s be (0*1/2)/1 - -2. Suppose 24 = s*i - 14*i. Wh